 prime factors of 37577011.
29, 389, 3331
List the prime factors of 132377.
7, 18911
What are the prime factors of 250926?
2, 3, 13, 3217
What are the prime factors of 25352?
2, 3169
List the prime factors of 13594462.
2, 7, 19, 149
What are the prime factors of 218582?
2, 7, 13, 1201
List the prime factors of 20449877.
7, 1249, 2339
What are the prime factors of 275050?
2, 5, 5501
List the prime factors of 3935234.
2, 541, 3637
List the prime factors of 9626246.
2, 7, 98227
List the prime factors of 132526.
2, 23, 43, 67
What are the prime factors of 598990?
2, 5, 7, 43, 199
List the prime factors of 5794045.
5, 23, 50383
List the prime factors of 2330234.
2, 677, 1721
What are the prime factors of 11069133?
3, 3689711
List the prime factors of 256286.
2, 127, 1009
What are the prime factors of 422559?
3, 29, 1619
What are the prime factors of 338726?
2, 257, 659
What are the prime factors of 1228851?
3, 13, 389
What are the prime factors of 9532787?
11, 23, 41, 919
What are the prime factors of 109456?
2, 6841
What are the prime factors of 2423232?
2, 3, 7, 601
What are the prime factors of 437406?
2, 3, 72901
What are the prime factors of 265429?
433, 613
List the prime factors of 15617.
7, 23, 97
List the prime factors of 2178434.
2, 1089217
List the prime factors of 2365918.
2, 19, 23, 2707
What are the prime factors of 827278?
2, 127, 3257
List the prime factors of 1837031.
7, 262433
List the prime factors of 2154615.
3, 5, 379
List the prime factors of 1021724.
2, 11, 2111
List the prime factors of 386786.
2, 193393
What are the prime factors of 5269?
11, 479
List the prime factors of 691442.
2, 227, 1523
List the prime factors of 223275.
3, 5, 13, 229
List the prime factors of 716969.
11, 65179
List the prime factors of 2540739.
3, 846913
What are the prime factors of 352948?
2, 88237
List the prime factors of 40049.
29, 1381
List the prime factors of 9107.
7, 1301
List the prime factors of 99073.
13, 7621
List the prime factors of 211457.
211457
What are the prime factors of 16271394?
2, 3, 2711899
What are the prime factors of 3030440?
2, 5, 7, 79, 137
List the prime factors of 29065217.
4493, 6469
List the prime factors of 266821.
266821
What are the prime factors of 2829169?
7, 404167
List the prime factors of 18568187.
11, 19, 88843
List the prime factors of 10007213.
1471, 6803
What are the prime factors of 1115188?
2, 83, 3359
What are the prime factors of 2525212?
2, 193, 3271
List the prime factors of 2689937.
37, 72701
What are the prime factors of 1488?
2, 3, 31
List the prime factors of 209262.
2, 3, 34877
What are the prime factors of 470336?
2, 7349
What are the prime factors of 2139655?
5, 7, 113, 541
List the prime factors of 246742.
2, 107, 1153
What are the prime factors of 320513?
320513
List the prime factors of 442955.
5, 88591
What are the prime factors of 594213?
3, 41, 4831
What are the prime factors of 2245026?
2, 3, 7, 53453
What are the prime factors of 1567596?
2, 3, 130633
What are the prime factors of 1491515?
5, 298303
What are the prime factors of 2545391?
251, 10141
What are the prime factors of 5236710?
2, 3, 5, 173, 1009
List the prime factors of 21820522.
2, 43, 487, 521
What are the prime factors of 1814843?
1814843
What are the prime factors of 229864?
2, 59, 487
List the prime factors of 2669028.
2, 3, 222419
List the prime factors of 321987.
3, 29, 3701
What are the prime factors of 1221654?
2, 3, 7, 17, 29, 59
List the prime factors of 456928.
2, 109, 131
List the prime factors of 1041188.
2, 131, 1987
What are the prime factors of 513539?
13, 39503
What are the prime factors of 9963501?
3, 29, 71, 1613
What are the prime factors of 491208?
2, 3, 97, 211
List the prime factors of 23366325.
3, 5, 311551
What are the prime factors of 21595439?
21595439
What are the prime factors of 549758?
2, 11, 24989
List the prime factors of 22249099.
37, 349, 1723
List the prime factors of 76382.
2, 181, 211
What are the prime factors of 1970005?
5, 47, 83, 101
What are the prime factors of 15295274?
2, 17, 349, 1289
What are the prime factors of 366572?
2, 113, 811
What are the prime factors of 11722593?
3, 53, 73727
What are the prime factors of 16613321?
457, 36353
List the prime factors of 1280688.
2, 3, 26681
List the prime factors of 259832.
2, 32479
List the prime factors of 27048824.
2, 11, 27943
List the prime factors of 6314454.
2, 3, 350803
What are the prime factors of 9575108?
2, 503, 4759
List the prime factors of 15974002.
2, 11, 726091
List the prime factors of 1820041.
31, 58711
What are the prime factors of 1585198?
2, 29, 151, 181
What are the prime factors of 4094062?
2, 7, 229, 1277
List the prime factors of 14461298.
2, 7230649
List the prime factors of 23048390.
2, 5, 2304839
What are the prime factors of 3274868?
2, 818717
What are the prime factors of 1948141?
13, 277, 541
List the prime factors of 915288.
2, 3, 11, 3467
List the prime factors of 7060570.
2, 5, 11, 64187
What are the prime factors of 452891?
103, 4397
List the prime factors of 10460404.
2, 2615101
List the prime factors of 196859.
13, 19, 797
What are the prime factors of 174056?
2, 21757
What are the prime factors of 132395?
5, 26479
What are the prime factors of 22611333?
3, 269, 28019
List the prime factors of 1597364.
2, 37, 43, 251
What are the prime factors of 15705397?
15705397
List the prime factors of 404158.
2, 17, 11887
What are the prime factors of 218569?
13, 17, 23, 43
What are the prime factors of 7516249?
13, 29, 19937
List the prime factors of 344180.
2, 5, 17209
What are the prime factors of 16011162?
2, 3, 296503
What are the prime factors of 305816?
2, 7, 43, 127
What are the prime factors of 6324?
2, 3, 17, 31
List the prime factors of 831201.
3, 7, 39581
List the prime factors of 349322.
2, 389, 449
List the prime factors of 371622.
2, 3, 241, 257
What are the prime factors of 1291561?
71, 18191
List the prime factors of 1958409.
3, 167, 1303
What are the prime factors of 2480498?
2, 43, 28843
What are the prime factors of 143039?
13, 11003
List the prime factors of 10019739.
3, 3339913
What are the prime factors of 743381?
173, 4297
What are the prime factors of 13318319?
7, 1902617
What are the prime factors of 289901?
17, 17053
List the prime factors of 363155.
5, 13, 37, 151
List the prime factors of 467014.
2, 37, 6311
List the prime factors of 8660037.
3, 2886679
List the prime factors of 202641.
3, 67547
What are the prime factors of 2576713?
23, 112031
What are the prime factors of 578983?
197, 2939
List the prime factors of 3863274.
2, 3, 643879
List the prime factors of 121770.
2, 3, 5, 11, 41
What are the prime factors of 140187?
3, 83, 563
What are the prime factors of 162940?
2, 5, 8147
List the prime factors of 1588441.
113, 14057
List the prime factors of 16279.
73, 223
List the prime factors of 1175427.
3, 11, 31, 383
What are the prime factors of 212775?
3, 5, 2837
List the prime factors of 194685.
3, 5, 12979
List the prime factors of 5059333.
23, 219971
List the prime factors of 13689424.
2, 7, 19, 919
List the prime factors of 4500435.
3, 5, 19, 15791
What are the prime factors of 1213180?
2, 5, 60659
List the prime factors of 2876517.
3, 7, 45659
What are the prime factors of 2360174?
2, 1180087
List the prime factors of 222482.
2, 13, 43, 199
What are the prime factors of 9954180?
2, 3, 5, 17, 3253
List the prime factors of 306979.
373, 823
List the prime factors of 5460455.
5, 7, 11, 13, 1091
List the prime factors of 1562133.
3, 179, 2909
What are the prime factors of 171542?
2, 7, 12253
What are the prime factors of 778102?
2, 13, 29927
What are the prime factors of 694665?
3, 5, 43, 359
What are the prime factors of 457884?
2, 3, 7, 23, 79
What are the prime factors of 256891?
37, 53, 131
What are the prime factors of 110209?
11, 43, 233
List the prime factors of 1787922.
2, 3, 71, 1399
List the prime factors of 725419.
223, 3253
What are the prime factors of 777352?
2, 97169
List the prime factors of 631559.
631559
List the prime factors of 7582859.
67, 113177
List the prime factors of 210683.
11, 107, 179
What are the prime factors of 326053?
7, 13, 3583
List the prime factors of 20458385.
5, 23, 41, 4339
What are the prime factors of 2781839?
179, 15541
What are t